f 1341482?
2, 29, 101, 229
List the prime factors of 120663.
3, 41, 109
What are the prime factors of 876007?
11, 97, 821
What are the prime factors of 356107?
53, 6719
What are the prime factors of 3497172?
2, 3, 7, 17, 31, 79
What are the prime factors of 16270889?
16270889
List the prime factors of 64482.
2, 3, 11, 977
List the prime factors of 253557.
3, 9391
What are the prime factors of 1886868?
2, 3, 17471
What are the prime factors of 1565927?
11, 142357
What are the prime factors of 14755442?
2, 13, 31, 18307
List the prime factors of 3992883.
3, 1330961
What are the prime factors of 33604416?
2, 3, 19447
What are the prime factors of 4114652?
2, 1028663
List the prime factors of 1740555.
3, 5, 12893
List the prime factors of 22225818.
2, 3, 3704303
What are the prime factors of 8415324?
2, 3, 233759
What are the prime factors of 6068030?
2, 5, 19, 109, 293
What are the prime factors of 438629?
433, 1013
List the prime factors of 715466.
2, 357733
List the prime factors of 10627977.
3, 773, 4583
What are the prime factors of 6438150?
2, 3, 5, 19, 251
List the prime factors of 20910675.
3, 5, 278809
What are the prime factors of 2121956?
2, 47, 11287
List the prime factors of 215690.
2, 5, 21569
List the prime factors of 1166238.
2, 3, 23, 313
What are the prime factors of 18934029?
3, 2103781
What are the prime factors of 81156?
2, 3, 6763
What are the prime factors of 163475?
5, 13, 503
List the prime factors of 11403402.
2, 3, 59, 32213
List the prime factors of 757728.
2, 3, 877
List the prime factors of 2911271.
11, 23, 37, 311
List the prime factors of 2318680.
2, 5, 7, 13
What are the prime factors of 8099698?
2, 47, 199, 433
What are the prime factors of 410042?
2, 61, 3361
List the prime factors of 23181652.
2, 13, 89, 5009
List the prime factors of 9494055.
3, 5, 23, 9173
What are the prime factors of 1115464?
2, 7, 19919
What are the prime factors of 5462692?
2, 59, 79, 293
List the prime factors of 123424.
2, 7, 19, 29
What are the prime factors of 9503114?
2, 4751557
What are the prime factors of 88341?
3, 11, 2677
List the prime factors of 121962.
2, 3, 20327
What are the prime factors of 279311?
279311
What are the prime factors of 931971?
3, 41, 7577
List the prime factors of 1263044.
2, 19, 16619
What are the prime factors of 142301?
23, 269
List the prime factors of 182755.
5, 36551
List the prime factors of 1052233.
7, 13, 31, 373
What are the prime factors of 925710?
2, 3, 5, 59, 523
What are the prime factors of 1243240?
2, 5, 31081
What are the prime factors of 542587?
542587
List the prime factors of 374626.
2, 7, 26759
List the prime factors of 9046022.
2, 4523011
List the prime factors of 170001.
3, 13, 1453
List the prime factors of 897017.
11, 81547
What are the prime factors of 2953232?
2, 184577
What are the prime factors of 711710?
2, 5, 71171
List the prime factors of 2796773.
7, 57077
What are the prime factors of 45620?
2, 5, 2281
What are the prime factors of 2024260?
2, 5, 7, 19, 761
What are the prime factors of 1967653?
79, 24907
What are the prime factors of 3163725?
3, 5, 43, 109
List the prime factors of 1956936.
2, 3, 67, 1217
List the prime factors of 2010221.
2010221
List the prime factors of 1692558.
2, 3, 7, 19, 101
What are the prime factors of 15830194?
2, 271, 29207
What are the prime factors of 261286?
2, 130643
What are the prime factors of 6559459?
1637, 4007
What are the prime factors of 7977398?
2, 11, 13, 27893
What are the prime factors of 2049470?
2, 5, 204947
What are the prime factors of 233953?
179, 1307
List the prime factors of 6092375.
5, 17, 47, 61
List the prime factors of 3155530.
2, 5, 7, 61, 739
What are the prime factors of 13031297?
401, 32497
What are the prime factors of 562508?
2, 140627
What are the prime factors of 2212369?
229, 9661
What are the prime factors of 1142496?
2, 3, 3967
List the prime factors of 163328.
2, 11, 29
List the prime factors of 18074481.
3, 23, 41, 6389
What are the prime factors of 2549117?
389, 6553
What are the prime factors of 33772484?
2, 8443121
What are the prime factors of 2129762?
2, 31, 34351
What are the prime factors of 193409?
17, 31, 367
List the prime factors of 1475306.
2, 7, 105379
What are the prime factors of 130851?
3, 7, 31, 67
List the prime factors of 582465.
3, 5, 13, 29, 103
List the prime factors of 3746693.
3746693
List the prime factors of 931160.
2, 5, 23279
What are the prime factors of 20931?
3, 6977
What are the prime factors of 166450?
2, 5, 3329
What are the prime factors of 12520873?
12520873
What are the prime factors of 145984?
2, 2281
List the prime factors of 2261968.
2, 109, 1297
List the prime factors of 4727718.
2, 3, 262651
What are the prime factors of 2881101?
3, 727, 1321
List the prime factors of 382466.
2, 7, 17, 1607
What are the prime factors of 3232572?
2, 3, 7, 29, 1327
What are the prime factors of 2183658?
2, 3, 353, 1031
What are the prime factors of 82054?
2, 7, 5861
What are the prime factors of 4915253?
7, 702179
What are the prime factors of 1341313?
1341313
What are the prime factors of 92026?
2, 11, 47, 89
What are the prime factors of 2823229?
19, 139, 1069
What are the prime factors of 29272?
2, 3659
List the prime factors of 64277.
17, 19, 199
What are the prime factors of 16403514?
2, 3, 173, 15803
List the prime factors of 100002.
2, 3, 7, 2381
List the prime factors of 416478.
2, 3, 41, 1693
What are the prime factors of 846401?
846401
What are the prime factors of 5221498?
2, 101, 25849
What are the prime factors of 16049484?
2, 3, 11, 40529
What are the prime factors of 44242?
2, 11, 2011
List the prime factors of 9534678.
2, 3, 29, 37, 1481
What are the prime factors of 5561244?
2, 3, 13, 17, 233
What are the prime factors of 1042700?
2, 5, 10427
List the prime factors of 29270.
2, 5, 2927
What are the prime factors of 517705?
5, 47, 2203
List the prime factors of 959741.
157, 6113
List the prime factors of 184084.
2, 46021
List the prime factors of 47646.
2, 3, 2647
What are the prime factors of 1322189?
11, 120199
List the prime factors of 135935.
5, 31, 877
List the prime factors of 30729.
3, 10243
What are the prime factors of 665470?
2, 5, 13, 5119
List the prime factors of 20041422.
2, 3, 613, 5449
List the prime factors of 70152.
2, 3, 37, 79
What are the prime factors of 255568?
2, 15973
What are the prime factors of 1060148?
2, 265037
What are the prime factors of 116850?
2, 3, 5, 19, 41
List the prime factors of 342148.
2, 23, 3719
What are the prime factors of 141513?
3, 43, 1097
What are the prime factors of 248812?
2, 17, 3659
What are the prime factors of 3902441?
3902441
List the prime factors of 2190382.
2, 17, 23, 2801
List the prime factors of 4185146.
2, 7, 233, 1283
What are the prime factors of 6809295?
3, 5, 37, 12269
List the prime factors of 15215374.
2, 17, 23, 19457
What are the prime factors of 297585?
3, 5, 17, 389
List the prime factors of 80968.
2, 29, 349
What are the prime factors of 152523?
3, 7, 269
What are the prime factors of 345163?
7, 13, 3793
What are the prime factors of 1907179?
17, 43, 2609
What are the prime factors of 16500297?
3, 11, 500009
List the prime factors of 452095.
5, 7, 12917
List the prime factors of 678006.
2, 3, 7, 5381
List the prime factors of 20704907.
20704907
List the prime factors of 303868.
2, 75967
What are the prime factors of 2647310?
2, 5, 264731
List the prime factors of 3867353.
7, 29, 19051
List the prime factors of 167198.
2, 41, 2039
What are the prime factors of 3857609?
7, 29, 31, 613
What are the prime factors of 357634?
2, 178817
List the prime factors of 1681237.
47, 35771
What are the prime factors of 1403834?
2, 19, 36943
List the prime factors of 167208.
2, 3, 6967
List the prime factors of 623615.
5, 191, 653
List the prime factors of 318847.
61, 5227
What are the prime factors of 253156?
2, 19, 3331
What are the prime factors of 1857561?
3, 619187
What are the prime factors of 455219?
455219
List the prime factors of 4786549.
151, 31699
List the prime factors of 132569.
43, 3083
List the prime factors of 265045.
5, 11, 61, 79
List the prime factors of 2688421.
2688421
What are the prime factors of 816101?
11, 13, 439
What are the prime factors of 8733070?
2, 5, 17, 47, 1093
List the